 622 is divided by p(2).
76
Suppose 4*j = -3*p + 14, -p - 4*j + 5*j + 7 = 0. Suppose 17*v - 11 = p*v. Calculate the remainder when v is divided by 1.
0
Let c = 202 + -15. Calculate the remainder when c is divided by (-64)/(-1) + 2 + -2.
59
Suppose -o - x = -9, o + x = -3*o + 27. Suppose 29*y - 1715 = -1686. Calculate the remainder when -1 + o/3 + 0 is divided by y.
0
Suppose 5*x - 2*b = 34, 3*x + 14 = -b + 52. Let t(p) = 9*p + 1. Calculate the remainder when t(4) is divided by x.
7
Suppose 0 = 2*v - 10 - 0, v - 5 = 4*k. Suppose k = -3*u + 3, 0*x - 167 = -2*x - u. Suppose -5*h = -3*h - 56. What is the remainder when x is divided by h?
27
Let q(v) = -64*v - 3818. Calculate the remainder when q(-92) is divided by 148.
146
Let x(m) = 120*m**2 + 58*m + 98. What is the remainder when 3035 is divided by x(-3)?
23
Suppose 2664 = 487*v - 483*v. What is the remainder when v is divided by 67?
63
Let i(y) = -2*y**3 - 8*y**2 + 11*y + 10. Let z(o) = 6*o - 2. Suppose -12 = -5*s + 13. Calculate the remainder when z(s) is divided by i(-5).
3
Let b(a) = a**2 + 7*a + 4. Let s be b(-5). Calculate the remainder when (-10)/(1/(-10)*-5*8/(-6)) is divided by ((-8)/s)/((-3)/(-9)).
3
Let l(y) = 22*y**2 - 56*y - 37. Calculate the remainder when l(6) is divided by 140.
139
Suppose 3*x - 8*x + 85 = 0. Let z be (-5)/(-10)*(x - 1). Let t(y) = -y**3 + 11*y**2 - 5*y + 7. What is the remainder when t(z) is divided by 40?
39
What is the remainder when 40 is divided by (((-64)/(-80))/((-6)/15))/(1/(-11))?
18
Let y(s) be the third derivative of -s**4/6 + 91*s**3/3 + 18*s**2 - 4. Suppose -a - 1 = -12. What is the remainder when y(33) is divided by a?
6
Let o = -929 - -934. Suppose -3*f + 206 + 213 = o*l, 3*l = -2*f + 251. Calculate the remainder when 171 is divided by l.
1
Suppose l + 4*w - 36 = 0, w = 4*l - 4*w - 102. Let r = l - -3. Let k = r + -4. What is the remainder when k is divided by 15?
12
Calculate the remainder when 2/((-91)/(-89) + -1) is divided by (-942)/(-33) - 14/231*(-1 + 10).
5
Let z = 1 + 2. Let d(j) = j**3 - 4*j**2 + 8*j - 14. Let x be d(-5). Let i = -273 - x. Calculate the remainder when i is divided by z.
0
What is the remainder when 1103 is divided by (3 + (-42)/36*3)*(-132 - -2)?
63
Suppose 2 = 5*g - 13, -4*z - 3*g = -97. Suppose z + 38 = 6*u. What is the remainder when 44 is divided by u?
4
Calculate the remainder when 343 is divided by ((-2460)/(-36))/5 + 16/12.
13
What is the remainder when (-12014)/(-38) + (-102)/646 is divided by 29?
26
Let j = -69 + 97. Let m be 22280/14 + 21/(-49). Suppose 21*z = 131 + m. What is the remainder when z is divided by j?
26
Let g(o) = -o**2 - 7*o + 3. Let z be g(-7). Let y = 28 - 26. Suppose 4*w = 0, -z*c - 3*w = y - 8. Calculate the remainder when 11 is divided by c.
1
Let o(a) = 2*a**3 - 6*a**2 - 6*a - 15. Calculate the remainder when 319 is divided by o(5).
44
Let g = -3666 - -3914. Calculate the remainder when g is divided by 50.
48
Let k = -5314 + 5355. Let j = 4 + -4. Suppose j = -2*m - 2*d + d + 10, -10 = -3*m - 4*d. What is the remainder when k is divided by m?
5
Let j(p) = 96 - 142756*p - 22 + 142754*p. Calculate the remainder when 78 is divided by j(15).
34
Let r = 49 + -43. Let f(l) = l - 18. Let i be f(r). Let t = -3 - i. Calculate the remainder when 14 is divided by t.
5
Suppose -3*z + 0*z + 12 = 0. Suppose 0 = 3*x + 2*v - 39, -5*x = -2*x - z*v - 39. Calculate the remainder when (-60)/150 - (968/(-20) - 1) is divided by x.
10
Let z(q) = 66*q - 16. Let w(j) = -13*j + 3. Let p(d) = 16*w(d) + 3*z(d). Let b be p(-7). Calculate the remainder when 37 is divided by 12/15*b/4.
9
Calculate the remainder when 255 is divided by (0 - 32/(-48))*(-78)/(-2).
21
Let o = 35 - 38. Let h(j) = -25*j + 1. What is the remainder when h(o) is divided by 913/44 + 1/4?
13
Suppose 0 = -3*b + 5*f + 178 + 214, -2*b - 3*f + 255 = 0. Calculate the remainder when b is divided by 81.
48
Suppose 2*o + 0 = 54. Let x = o + -25. Suppose j = 4 - x. What is the remainder when j is divided by 2?
0
Let d(i) = 84*i**3 + i - 1. Let g be d(1). Let n be (g/70)/((-2)/(20/3)). What is the remainder when 53 - n/12*3 is divided by 20?
14
Suppose -7*u - 12 = -10*u. Suppose -7 - 13 = -u*g. What is the remainder when 2/(-2) + 18 + 1/1 is divided by g?
3
Suppose 0 = -3*g + l + 78, -5*g + 63 = 5*l - 47. Let j = 51 + g. Let n(k) = -2*k**3 + 7*k**2 + 7*k + 1. Calculate the remainder when j is divided by n(4).
11
Let l = -29 - -41. Let r = 16 - l. Suppose -4 = -r*h + 8. Calculate the remainder when 17 is divided by h.
2
Suppose 4*y + 2*j = 324, -188 = -4*y + 5*j + 122. What is the remainder when (2/(-3))/((-3)/459) is divided by 15/6*(-104)/y*-4?
11
Let t = -2972 - -3092. Calculate the remainder when t is divided by 18.
12
Suppose -126*o + 1264 = -1760. What is the remainder when 136 is divided by o?
16
Let w be 4 + 1*(0 - 1). Let i = 4834 - 4832. Suppose w*s - 27 = 2*f, -2*s + i + 3 = 3*f. What is the remainder when 23 is divided by s?
2
Suppose -336*v - 35264 = -368*v. What is the remainder when v is divided by 46?
44
Let f be 1/4 + 2/(-8). Suppose f*n - 105 = -5*n. Suppose -130 = -2*v - 3*m, 3*v + 0*v + m - 181 = 0. Calculate the remainder when v is divided by n.
17
Let c be 492/(-7) + 4/14. Suppose 0 = 26*f + 413 + 1017. Let m = f - c. What is the remainder when 41 is divided by m?
11
Suppose -f = -3*b - 23, -27 = f - 5*b - 42. What is the remainder when 195 is divided by f?
20
What is the remainder when 563 is divided by -2*-35*28/40?
24
Let g(j) = -192*j - 4169. What is the remainder when 294 is divided by g(-23)?
47
Let b(s) = 8*s**2 - 47*s - 13. Let v be b(7). Suppose -3*o + v = -o + 2*i, 0 = 3*i + 6. What is the remainder when 106 is divided by o?
25
Suppose -5*y + 54 = w, 5*y + 5 = -3*w + 177. What is the remainder when w is divided by (34/(-51) - (-2 - 2)/24)*-34?
8
Suppose 3*s - 57 = 4*x, -5*s + 3*x - 15 + 99 = 0. What is the remainder when (-27)/9 - 2*(-534)/12 is divided by s?
11
Suppose -18*l + 4516 = 4*y - 16*l, 3*l = 5*y - 5656. Calculate the remainder when y is divided by 142.
136
Suppose -c - 51 = -3*g + 105, 4*g = -4*c + 224. Suppose -g*v = -22*v - 341. What is the remainder when v is divided by 10?
1
Suppose 2*r - 82 = 26. Suppose 205*h - 194*h = 2354. Calculate the remainder when h is divided by r.
52
Suppose -26*l = 2*l - 140. Suppose l*h + 51 = 12*z - 11*z, 4*h - 15 = -z. What is the remainder when z is divided by 24?
7
Suppose -16*v = -691 - 349. Suppose 2*y - 4*u + 1 = 71, -v = -2*y + 3*u. Calculate the remainder when y is divided by 8.
1
Suppose 0 = -164*w + 64*w + 5062 + 4138. Calculate the remainder when 984 is divided by w.
64
Suppose -685*j = -687*j - 326. Let b = 169 + j. Calculate the remainder when 26 is divided by b.
2
What is the remainder when (-10 + (-24)/(-6))/((-24)/32) is divided by 2?
0
Let q = 249 - 204. Suppose q*w = 80 + 10. What is the remainder when 15 is divided by w?
1
Let c(i) = i**3 - 59*i**2 + 42*i + 962. Calculate the remainder when 73 is divided by c(58).
5
Suppose 250*w - 7447 - 26053 = 0. What is the remainder when 950 is divided by w?
12
Suppose -61*w = -4*w - 33117. What is the remainder when w is divided by 118?
109
Let g = -108 + 164. Suppose -g = -3*b - b. Calculate the remainder when ((-6888)/252)/((-2)/3) is divided by b.
13
Let n = -282 - -543. Suppose 7*z - n = 404. Suppose -3*u = -2*q + 31, 48 = -4*q + 7*q - 5*u. What is the remainder when z is divided by q?
7
Let s be 150/19 + -8 + 4/38. Suppose s = -r - 2*d + 26, -3*d = r - 23 - 0. What is the remainder when r is divided by 2 - (0 - (1 - -8))?
10
Suppose 0 = 2*c - 16 - 38. Suppose c*f - 26*f = 5. Suppose f*p - 30 - 40 = 4*s, -4*p + 60 = -4*s. What is the remainder when p is divided by 3?
1
Let g = 1 + 17. Suppose y - 200 = 2*k - 3*k, -2*k + 403 = 3*y. Calculate the remainder when k is divided by g.
17
Let c = 32 + -29. Let y(q) = q + 11. Let p be y(-14). Let g(k) = -k**3 - 3*k**2 - 6*k - 10. Calculate the remainder when g(p) is divided by c.
2
Let a(x) = 2*x - 31. Let o be a(21). Suppose -s + o = s - j, -3*j = s + 5. What is the remainder when 4/(-10) - (-37)/5 is divided by s?
3
Suppose 13*z = 5*z - 1896. Let y = 240 + z. Calculate the remainder when 8 is divided by y.
2
Suppose -37*n + 85*n = -108*n + 143520. What is the remainder when n i